{"id":188,"date":"2020-08-28T09:40:09","date_gmt":"2020-08-28T09:40:09","guid":{"rendered":"http:\/\/baardman.org\/?page_id=188"},"modified":"2020-08-28T09:40:09","modified_gmt":"2020-08-28T09:40:09","slug":"dl-2-overzicht-over-alle-tijden","status":"publish","type":"page","link":"https:\/\/baardman.org\/?page_id=188","title":{"rendered":"dl 2 &#8211; Overzicht over alle tijden"},"content":{"rendered":"\n<figure class=\"wp-block-image size-large\"><img loading=\"lazy\" decoding=\"async\" width=\"684\" height=\"1024\" src=\"https:\/\/baardman.org\/wp-content\/uploads\/2020\/05\/DSC09695_6_7_8_9_tonemapped-684x1024.jpg\" alt=\"\" class=\"wp-image-74\" srcset=\"https:\/\/baardman.org\/wp-content\/uploads\/2020\/05\/DSC09695_6_7_8_9_tonemapped-684x1024.jpg 684w, https:\/\/baardman.org\/wp-content\/uploads\/2020\/05\/DSC09695_6_7_8_9_tonemapped-200x300.jpg 200w, https:\/\/baardman.org\/wp-content\/uploads\/2020\/05\/DSC09695_6_7_8_9_tonemapped-768x1150.jpg 768w, https:\/\/baardman.org\/wp-content\/uploads\/2020\/05\/DSC09695_6_7_8_9_tonemapped-1026x1536.jpg 1026w, https:\/\/baardman.org\/wp-content\/uploads\/2020\/05\/DSC09695_6_7_8_9_tonemapped-1368x2048.jpg 1368w, https:\/\/baardman.org\/wp-content\/uploads\/2020\/05\/DSC09695_6_7_8_9_tonemapped-scaled.jpg 1710w\" sizes=\"auto, (max-width: 684px) 100vw, 684px\" \/><\/figure>\n\n\n\n<p>Hierbij de aantekeningen bij deel 2 van de videoserie.<\/p>\n\n\n\n<figure class=\"wp-block-embed-youtube wp-block-embed is-type-video is-provider-youtube wp-embed-aspect-16-9 wp-has-aspect-ratio\"><div class=\"wp-block-embed__wrapper\">\n<iframe loading=\"lazy\" title=\"Eindtijd Deel 2\" width=\"525\" height=\"295\" src=\"https:\/\/www.youtube.com\/embed\/YzbSxHwlueA?feature=oembed\" frameborder=\"0\" allow=\"accelerometer; autoplay; clipboard-write; encrypted-media; gyroscope; picture-in-picture; web-share\" referrerpolicy=\"strict-origin-when-cross-origin\" allowfullscreen><\/iframe>\n<\/div><\/figure>\n\n\n\n<ol class=\"wp-block-list\" type=\"1\"><li>Relatie tussen God en de mens tot nu<\/li><li>God geeft een blik in de toekomst<\/li><li>Waar vinden we deze openbaring?<\/li><\/ol>\n\n\n\n<p>1<strong>, Relatie tussen God en de mens tot nu<\/strong><br>1.1 Gods interactie met de mens<br>1.1.1 Geschapen naar Zijn beeld<br>          Genesis 1:26-28<br>1.1.2 Re<strong>boot<\/strong> met Noach en familie<br>          Genesis 6:5-8<br>          Rest van de mensen vernietigd, inclusief halfbloed (half engel, half mens)<br>1.1.3 Keuze voor Abraham en zijn nageslacht<br>          Genesis 12:1-3<br>          Rest van de mensen ongemoeid<br>1.1.4 Verbond met het volk Isra\u00ebl<br>          Exodus 19:3-6<br>          Rest van de mensen ongemoeid<br>1.1.5 Verbond met alle mensen<br>          Lucas 22:15-20<br>          Inclusief de mensen uit het oude verbond<\/p>\n\n\n\n<figure class=\"wp-block-image size-large\"><img loading=\"lazy\" decoding=\"async\" width=\"1024\" height=\"724\" src=\"https:\/\/baardman.org\/wp-content\/uploads\/2020\/05\/image-2-1024x724.png\" alt=\"\" class=\"wp-image-152\" srcset=\"https:\/\/baardman.org\/wp-content\/uploads\/2020\/05\/image-2-1024x724.png 1024w, https:\/\/baardman.org\/wp-content\/uploads\/2020\/05\/image-2-300x212.png 300w, https:\/\/baardman.org\/wp-content\/uploads\/2020\/05\/image-2-768x543.png 768w, https:\/\/baardman.org\/wp-content\/uploads\/2020\/05\/image-2.png 1123w\" sizes=\"auto, (max-width: 706px) 89vw, (max-width: 767px) 82vw, 740px\" \/><\/figure>\n\n\n\n<p>1.2 God werkt nog aan beide<br>1.2.1 Werken aan het nieuwe verbond, oude in de wachtkamer<br>          Romeinen 11:25<br>          Oude verbond is dus niet ongeldig verklaard<br>          God zal Zijn deel van de afspraak nakomen<br>1.2.2 We gaan zien hoe God beide verbonden gaat afsluiten<br>1.3 Eerst oude, nu primair nieuwe tot bepaald punt, dan oude afsluiten<\/p>\n\n\n\n<p>2. <strong>God geeft blik in de toekomst<\/strong><br>2.1 Toekomst volk Isra\u00ebl (oude verbond)<br>2.2 Toekomst mensen onder het nieuwe verbond<br>2.3 Toekomst mensheid, aarde en hemel<br>2.4 Toekomst geestelijke wereld<\/p>\n\n\n\n<p>3<strong>. Waar vinden we deze openbaringen \/ voorspellingen?<\/strong><br>3.1 Bijbel Woord van God<br>3.2 Oude verbond voornamelijk in Oude Testament<br>3.2.1 &#8211; Ezechi\u00ebl<br>3.2.2 &#8211; Dani\u00ebl<br>3.2.3 &#8211; Hosea<br>3.2.4 &#8211; Jo\u00ebl<br>3.2.5 &#8211; Zacharia<br>3.3 Nieuwe verbond voornamelijk in Nieuwe Testament<br>3.3.1 &#8211; Mattheus 21 t\/m 25<br>3.3.2 &#8211; 1 Tessalonicenzen 4 &amp; 5<br>3.3.3 &#8211; 2 Tessalonicenzen 1 &amp; 2<br>3.3.4 &#8211; Openbaring<\/p>\n","protected":false},"excerpt":{"rendered":"<p>Hierbij de aantekeningen bij deel 2 van de videoserie. Relatie tussen God en de mens tot nu God geeft een blik in de toekomst Waar vinden we deze openbaring? 1, Relatie tussen God en de mens tot nu1.1 Gods interactie met de mens1.1.1 Geschapen naar Zijn beeld Genesis 1:26-281.1.2 Reboot met Noach en familie Genesis &hellip; <\/p>\n<p class=\"link-more\"><a href=\"https:\/\/baardman.org\/?page_id=188\" class=\"more-link\">Continue reading<span class=\"screen-reader-text\"> &#8220;dl 2 &#8211; Overzicht over alle tijden&#8221;<\/span><\/a><\/p>\n","protected":false},"author":1,"featured_media":0,"parent":0,"menu_order":0,"comment_status":"closed","ping_status":"closed","template":"","meta":{"_monsterinsights_skip_tracking":false,"_monsterinsights_sitenote_active":false,"_monsterinsights_sitenote_note":"","_monsterinsights_sitenote_category":0,"footnotes":""},"class_list":["post-188","page","type-page","status-publish","hentry"],"jetpack_sharing_enabled":true,"_links":{"self":[{"href":"https:\/\/baardman.org\/index.php?rest_route=\/wp\/v2\/pages\/188","targetHints":{"allow":["GET"]}}],"collection":[{"href":"https:\/\/baardman.org\/index.php?rest_route=\/wp\/v2\/pages"}],"about":[{"href":"https:\/\/baardman.org\/index.php?rest_route=\/wp\/v2\/types\/page"}],"author":[{"embeddable":true,"href":"https:\/\/baardman.org\/index.php?rest_route=\/wp\/v2\/users\/1"}],"replies":[{"embeddable":true,"href":"https:\/\/baardman.org\/index.php?rest_route=%2Fwp%2Fv2%2Fcomments&post=188"}],"version-history":[{"count":1,"href":"https:\/\/baardman.org\/index.php?rest_route=\/wp\/v2\/pages\/188\/revisions"}],"predecessor-version":[{"id":189,"href":"https:\/\/baardman.org\/index.php?rest_route=\/wp\/v2\/pages\/188\/revisions\/189"}],"wp:attachment":[{"href":"https:\/\/baardman.org\/index.php?rest_route=%2Fwp%2Fv2%2Fmedia&parent=188"}],"curies":[{"name":"wp","href":"https:\/\/api.w.org\/{rel}","templated":true}]}}